 - 4*s + 3. Let d be t(1). Let y(x) = -d + 31 + 26 + x. What is y(-9)?
3
Let v(f) = 144*f. Let o(k) = 431*k - 25. Let l(m) = o(m) - 3*v(m). Calculate l(-10).
-15
Let u(g) = 13*g**2 - g. Suppose l - 5 = z, 4*z + z = -3*l - 1. Let i(d) be the third derivative of -5*d**4/24 + 8*d**3/3 - 42*d**2. Let y be i(l). What is u(y)?
12
Let p(r) = -4*r**2 + 38*r + 24. Let f(m) = 3*m**2 - 24*m - 24. Let o(c) = 3*f(c) + 2*p(c). What is o(-8)?
8
Let o(u) = u**2 - 9*u - 14. Suppose b = 2*f - 5*f + 36, 2*f + 64 = 2*b. Suppose 28*k = b*k - 55. Determine o(k).
8
Let q = -4381 + 4385. Let y(o) = o**3 - 9*o**2 + 2*o. Determine y(q).
-72
Let o(a) = a**2 + 7*a + 23. Let i(n) = 121*n - 1701. Let y be i(14). Give o(y).
23
Let n be (5 - 9)*754/104. Let j(h) = -h**3 - 33*h**2 - 118*h - 51. Determine j(n).
7
Let t(p) be the first derivative of p**5/60 + 19*p**4/24 + p**3/3 - 241*p**2/2 + 47. Let l(d) be the third derivative of t(d). Give l(-14).
-9
Suppose -15 = 3*j - 27. Let i(d) be the first derivative of -d**2/2 + 3*d + 774. Calculate i(j).
-1
Let v(t) = 131*t**2 - 62*t**2 - t - 63*t**2. Suppose 34*z - 19*z + 15 = 0. Calculate v(z).
7
Let h = 0 - -3. Suppose -6*s + 9 = -3*s. Let n(d) = s*d - 4*d - 3*d + 2*d**2 + 3 + 3*d**2 - d**3. Determine n(h).
9
Let l = 3380 + -3374. Let t(x) = x**2 - 5*x - 3. What is t(l)?
3
Let l be ((-22)/8 + 2)*(194 - 2)/8. Let r(d) = -d**2 - 19*d - 26. Determine r(l).
-8
Let d(z) = 4*z**2 + 6*z - 2. Let w(h) = -7*h**2 - 12*h + 4. Let q(x) = -5*d(x) - 3*w(x). Let g be ((-12)/(-30))/(10/(-175)). Give q(g).
5
Let s(x) = 190*x + 60*x**2 - 61*x**2 + 22 - 209*x. Determine s(-17).
56
Suppose -21 = 9*g - 21*g - 273. Let j(z) = -z**3 - 21*z**2 - z - 49. Determine j(g).
-28
Let z(t) = -t**2 + 296 - 590 + 281. Suppose 11 + 21 = 4*c. Suppose c*o = 15*o. What is z(o)?
-13
Let o(g) = -3*g**3 + 38*g**2 - 8*g - 1. Let m(j) = -5*j**3 + 68*j**2 - 15*j - 2. Let h(v) = 4*m(v) - 7*o(v). Let n be (-40)/12*(-9)/(-5). Determine h(n).
23
Let o(x) be the third derivative of 1/12*x**4 + 0*x**3 + 30*x**2 + 3 + 0*x + 1/20*x**5. Determine o(-2).
8
Let b(r) = 2*r - 2. Suppose -2131 = -4*x - 4*t + 621, x - 5*t = 712. Let f = 695 - x. What is b(f)?
4
Let x(o) = 37*o + 36. Let j(p) = -102*p - 107. Let u(i) = -4*j(i) - 11*x(i). What is u(-5)?
27
Let a be (2/1)/(21/210). Suppose -g = 3*b - 40, 66*g - 68*g + a = b. Let x(h) = h**2 - 13*h + 11. Determine x(b).
-1
Let s(u) be the first derivative of -3*u**2/2 + 9*u - 2. Suppose 16*k - 3*l = 19*k - 18, -l = -k + 14. Let t be (-8)/k*((-735)/14)/7. Calculate s(t).
-9
Suppose 3*s - 8 + 5 = -4*c, -4*c - 12 = 0. Suppose 3*r = s*r - 16. Let f(h) = 5*h**2 + h**3 - 4*h**2 - 6*h + r + 5*h**2. Calculate f(-7).
1
Let u(i) = 17*i**2 - 19*i + 6. Let r be ((-20)/(-14))/(1/7). Let l be u(r). Let x(o) = 0*o - 1519 + o**2 - 2*o + l. Calculate x(-2).
5
Suppose -2*x - 5*o + 6 = -3*o, o = x - 5. Suppose 22 = 5*p + 4*m, -x*m + 17 = 2*p + 1. Let t(g) = -43*g - 1 + 88*g - 37*g - g**p. Calculate t(7).
6
Let x(v) = 3*v - 10*v**2 + 135 - 186 + 104 + 0*v**2 + 25*v - v**3. Calculate x(-12).
5
Let v(q) = -200*q + 209. Let f be v(1). Let n(t) = t - 9. Give n(f).
0
Let w(s) = -39*s + 419. Suppose -5*u - 4*a + 63 = 0, -58*u - 2*a + 37 = -55*u. Calculate w(u).
-10
Suppose -39*k + 35*k - 124 = -5*g, 2*g - 70 = 5*k. Let p(j) = j - 20. What is p(g)?
0
Let p(x) = -8*x - 3. Let d(o) be the first derivative of -o**3/3 + 4*o**2 - 14*o + 30. Let u be d(2). What is p(u)?
13
Let z(b) be the second derivative of -b**5/5 - b**3/2 + b**2 - 1961*b. Determine z(1).
-5
Let v(b) = -3*b. Let m(k) = 2*k**3 + 67*k**2 + 95*k - 31. Let g be m(-32). Suppose 2*q - 5*s = -24, -q - g - 5 = -s. Determine v(q).
6
Let i(r) = -r**3 - 12*r**2 + 3*r - 10. Suppose -57 = 4*q + x, -30*q - 4*x = -24*q + 98. What is i(q)?
120
Let t(q) = -18*q + 75. Let z(a) = 130*a + 12225. Let j be z(-94). Determine t(j).
-15
Let m = -1260 + 1263. Let u(i) = -i**3 + 8*i**2 + 10*i - 1. Let j be u(9). Let c(r) = -10*r + 7 - j - r**2 - 7 + m. Give c(-5).
20
Let g(k) = 7*k**2 - 20*k + 5. Let v(c) = 3*c**2 - 10*c + 3. Suppose 9*m + 32 = 4*x + 5*m, m = -3. Let a(d) = x*v(d) - 2*g(d). Calculate a(8).
-11
Let u(n) be the second derivative of -7*n**4/24 - n**3/2 + 62*n**2 - 32*n. Let t(i) be the first derivative of u(i). What is t(-1)?
4
Suppose -66*z + 95 + 169 + 66 = 0. Let v(d) = -2*d**2 + 6*d - 26. Give v(z).
-46
Let s(i) = i**2 - 17*i + 4. Suppose -119 = 123*c - 130*c - 5*t, -4*c = -5*t - 68. What is s(c)?
4
Let f(j) be the first derivative of 2*j**3/3 - 4*j**2 + 4*j + 14057. Suppose -2*y - 5*v + 35 = 3*y, 0 = 5*v - 20. What is f(y)?
-2
Suppose -54 = -2*r - 16*r. Let u(j) = -j + 21. Let o be u(17). Suppose r*w = -k + 9, -w - 5 = o*w - 5*k. Let g(n) = -n + 2. Determine g(w).
0
Let o(q) = q**3 - 2*q**2 - 4*q - 4. Let z = 9865 - 9862. Calculate o(z).
-7
Suppose 2145*m = 2149*m - 20, m = -5*a + 5. Let j(s) be the third derivative of -7/6*s**3 + a*s + 0 + 1/24*s**4 + 1/120*s**6 + 1/12*s**5 + 14*s**2. Give j(-5).
-12
Let w(j) = -j**3 - 4*j**2 + 7*j + 18. Let a be 16/6*(-18)/14*(-217)/(-186). Determine w(a).
-10
Let j(z) = -2*z + 24. Suppose -3*r - 3*l + 79 - 22 = 0, -3*r = -3*l - 69. What is j(r)?
-18
Let f(r) be the first derivative of 3*r**3/2 + r - 13. Let u(b) be the first derivative of f(b). Let v(z) = z**2 - 8. Let p be v(-3). Give u(p).
9
Let z(y) = -246*y + 209. Let j(h) = -95*h + 84. Let p(t) = 13*j(t) - 5*z(t). Give p(-10).
97
Let h(v) = -3*v - 3. Let u be h(-2). Let t(w) = w + 13 + 18 + 21 + 15 - 64. Give t(u).
6
Let s(v) be the first derivative of -v**4/4 + 5*v**3 - 22*v**2 + 18*v - 12764. What is s(11)?
18
Let d(m) be the second derivative of m**4/12 - 5*m**3/6 - 19*m**2/2 + 4422*m. What is d(11)?
47
Suppose -4*x = -3*k - 31, -x + 3*k = -6*x + 32. Let b(f) = -3*f**2 - x*f**2 + 6 - 5 + 2*f - 27*f**3 + 12*f**2. Calculate b(-1).
28
Let m(n) = -n**3 + 18*n**2 + 18*n + 27. Let w be m(19). Let q(c) = 3 + 9*c**2 - 58*c**3 + 119*c**3 - 8*c - 62*c**3. Determine q(w).
3
Let x be ((-10)/(-3))/(44/198). Let b(o) = -o**3 + 14*o**2 + 18*o - 35. Let l be b(x). Let p(n) = -n + 12. Let g be p(l). Let a(z) = 2*z**2 - 2. What is a(g)?
6
Let z(w) be the third derivative of -13*w**4/24 + 14*w**3/3 - 448*w**2. Give z(3).
-11
Let w(d) = -16*d + 54. Let g(m) = 31*m - 85. Let l(n) = -3*g(n) - 5*w(n). Give l(-2).
11
Let b(r) = -2*r. Let u = -17 + 26. Suppose 7 = -n - l - 3*l, 4*n - 3*l = -u. Let s be -9 - n*12/9. What is b(s)?
10
Suppose -11*r + 9 = -24. Let d(b) = 12*b + 1 - r*b - 9*b - 3*b. Let z = -193 - -191. Calculate d(z).
7
Let m(h) = 2*h - 42. Let l be m(22). Suppose -2*o - 2*k + 246 = -4*k, -l*o + 242 = 2*k. Let s(a) = -o*a + 4 + 117*a + 2*a**2 + 0. Calculate s(4).
16
Suppose -3*z + 321 = 4*t + 353, z - 4*t = 0. Let l(y) be the first derivative of -1 - 1/4*y**4 + 5*y + 1/2*y**2 - 8/3*y**3. Give l(z).
-3
Suppose 80 = 3*t - 103. Suppose 4*k - 45 = -t. Let a(p) = -11*p**2 - 7*p. Let u(j) = 5*j**2 + 3*j. Let m(h) = -6*a(h) - 13*u(h). Give m(k).
4
Let r(n) = -n**3 - 3*n**2 - 4. Suppose 18*f = 20*f - 114. Let y be (f/(-19))/(-1 - -2). What is r(y)?
-4
Let b = -125 + 132. Let u(i) = -8*i + i**2 + 9*i - b - 7*i. What is u(6)?
-7
Let j(n) = 8*n**2 + 6 - 130*n + 0*n**3 + 274*n - 137*n + n**3. Let t = 1 + 4. Suppose t = -w - 2. Calculate j(w).
6
Let y(d) = 2*d**2 - 8*d - 8. Let f(l) = l**3 + 20*l**2 + 15*l - 378. Let k be f(-18). What is y(k)?
-8
Let j(n) = -n**3 - 4*n**2 + 7*n + 11. Let x be (12/9)/4*-10*6/4. What is j(x)?
1
Let v be (-160)/(-200) - 22/(-10). Let g(l) = l**2 - l - 1. Let r be g(-4). Let i(p) = 20 + p + r - 41. Determine i(v).
1
Let z(o) = o**2 + o - 10. Let y(x) = -6*x - 56. Let k be y(-8). Let q(r) = r + 8. Let f be q(k). Calculate z(f).
-10
Let c(p) = -49*p + 79*p - 29*p - 41. Give c(-18).
-59
Let d = 13 + -11. Let i(x) = -2*x - 16*x**d - 6*x + 17*x**2 + 7. Suppose -906*p - 121 - 75 = -934*p. Give i(p).
0
Let u(l) = 28 - 13*l - 32 + 13*l - 3*l**2 + l**2 - 10*l. Let q be u(0). Let t(c) = -c**2 - 5*c + 3. What is t(q)?
7
Let b(j) = 4*j - 19. Let o(h) = -7*h + 38. Let t(x) = -5*b(x) - 3*o(x). Suppose 7*d = 96 - 33. What is t(d)?
-10
Suppose 27*d - 8 = 31*d - z, d + z = -7. Let q(c) = 12*c + 26. Let f(m) = -4*m - 9. Let j(x) = -17*f(x) - 6*q(x). What is j(d)?
9
Let k(f) be the third derivative of f**6/120 - 2*f**5/15 - f*